 1433 is divided by c(-18).
8
Let p be 136/(3 + -4 - -3). Let c = p - 34. What is the remainder when c is divided by 23?
11
Suppose -3*t - 1257 + 4710 = 0. Calculate the remainder when t is divided by 55.
51
Let p(n) = n**2 + 2*n + 2. Let j be p(0). Suppose j*c + 7*c - 234 = 0. What is the remainder when c is divided by (9/6)/(1/6)?
8
Suppose -4*m + 172 = -4*g, -4*m + 6*g = -207 + 23. What is the remainder when m is divided by 21?
16
Suppose -378*i - 25 = -383*i. Suppose -226 = i*l - 5166. What is the remainder when l is divided by 43?
42
Suppose 0 = -31*v + 27*v + 9*h + 22007, 2*h + 14 = 0. What is the remainder when v is divided by 49?
47
Suppose -4*c = -0*c - 20. Let n be 6/(-9)*-66 + -4. Suppose 44*s = n*s + 136. What is the remainder when s is divided by c?
4
Suppose 4*c - 3*v - 5261 = 0, -v = -11*c + 14*c - 3962. What is the remainder when (-1)/(-8) - (8 - c/8) is divided by 40?
37
Let w(d) = 22*d**2 - 472*d + 1404. What is the remainder when w(3) is divided by 26?
4
Suppose m + 9 = -2*f - 0*f, -3*f - 14 = 2*m. Let c(y) = -10*y. Let p = -3123 - -3172. Calculate the remainder when p is divided by c(m).
9
Let j = 84 - -640. What is the remainder when 1468 is divided by j?
20
Let v = 119 - -1139. Let b be 4/(-6)*(1 + v/(-4)). Suppose -b - 15 = -7*p. What is the remainder when p is divided by 20?
12
Let g(d) = -5*d**2 - 12. Let x(q) = -2*q**2 - 2*q. Let w(k) = -g(k) + 3*x(k). What is the remainder when 46 is divided by w(0)?
10
Let l(f) = -2*f**3 - 6*f - 7. Let a be l(-2). Suppose 6*h = 9 + a. Suppose 4*c + 2*x + x = 76, -4*c = 4*x - 76. What is the remainder when c is divided by h?
4
Let a(k) = -k**3 - 2*k**2 - 3. Let f be a(-4). Suppose -4*w + 140 = 5*y - y, -y - 4*w = -f. What is the remainder when 72 is divided by y?
35
Let z be (-72)/(-33) - 5*(-4)/(-110). Suppose 0 = z*q - o - 113, -2*o - 216 = -4*q + 2*o. Let y = -20 + q. Calculate the remainder when 116 is divided by y.
38
Let t(m) = m**3 - 5*m**2 - 5*m + 2. Let r be t(5). Let y = r + 26. Suppose 55 = 2*q + y*q. Calculate the remainder when 34 is divided by q.
1
Let f = 3 + 2. Suppose 0 = 451*n - 92*n - 214702 + 37356. What is the remainder when n is divided by f?
4
Let z(b) = -8*b + 1. Let y = 920 + -901. What is the remainder when y is divided by z(-2)?
2
What is the remainder when 6/(-2*9/(-2853)) is divided by 18?
15
Suppose -29 + 449 = 12*k. Suppose 0 = 32*x - k*x + 549. What is the remainder when x is divided by 49?
36
Suppose -4*i - 639 = 717. Let j = 537 + i. Calculate the remainder when j is divided by 61.
15
Suppose -4*f - 3*r + 221 = 0, 5*f + 4*r = 2*r + 278. What is the remainder when f is divided by 15?
11
Suppose -240*n = -238*n - 6660. Suppose 20*k = -1170 + n. Calculate the remainder when k is divided by 14.
10
Let v = 157 + -157. Suppose 13*x - 297 - 15 = v. Calculate the remainder when 117 is divided by x.
21
Let f = -9887 + 10308. What is the remainder when f is divided by 56?
29
Let g be (-1)/((3/(-2))/(-3)). Let p(n) = -2*n - 3. Suppose 0*u + u + 7*i = 9*i + 19, 0 = -3*i - 27. What is the remainder when p(g) is divided by u?
0
Calculate the remainder when 280 is divided by (-703)/(-11) + 2388/132 + -18.
24
Let p = 74 + -506. Let f = p + 583. Calculate the remainder when f is divided by 11.
8
Let a(b) = b**2 + 4*b - 15. Let f(v) = 4*v**2 + 10*v - 46. Let i(z) = 7*a(z) - 2*f(z). What is the remainder when 19 is divided by i(4)?
1
Calculate the remainder when 396 is divided by (-5705)/(-85) - 144/96*4/51.
61
Let f be 36/(-90) - (-548)/(-5). Let m = f - -132. Let u = -13 + 21. Calculate the remainder when m is divided by u.
6
Suppose -1703763 + 1703871 = 18*n. Suppose 274 = -2*l + 736. Calculate the remainder when l is divided by n.
3
Suppose 9 = 43*j - 46*j, -8 = -w - 5*j. What is the remainder when 2/3 + (-392)/(-6) is divided by w?
20
Let z = 168 - 97. Suppose 0 = -0*r + 3*r + w - 31, 0 = 2*r + 3*w - 30. What is the remainder when z is divided by r?
8
Let s(b) = -b**3 - 5*b**2 + 15*b + 1. Let c be s(-6). Let n = 102 + c. Let o = n + -41. What is the remainder when o is divided by 3?
2
Let g = -37 + 87. What is the remainder when 846 is divided by g?
46
Suppose -2*t - 2*t + 28 = 0. Suppose 454 = 111*x - 101. Calculate the remainder when t is divided by x.
2
Let d(n) = n**3 - n**2 + 2*n - 28. Let m be d(0). Let b = m + 85. Calculate the remainder when 37 is divided by (1/((-3)/b))/(-1).
18
Suppose 2*a + 44 = 2*g, 4*a - g = -3*g - 88. Let h = a + 70. Suppose -m + 25 = 38*f - 36*f, m = 2*f + 29. What is the remainder when h is divided by m?
21
Let n(r) = -10*r**2 - 82*r - 123. Calculate the remainder when 1574 is divided by n(-6).
8
Let x = -814 + 819. Suppose -y = -2*y - x*h + 10, -96 = -5*y - 2*h. Calculate the remainder when 33 is divided by y.
13
Let g = -25808 - -25820. Let m(c) = 6*c**2 + c - 2. What is the remainder when m(3) is divided by g?
7
Let c be (-10)/(-40) - 2172/(-16). Let h = -27 + c. Calculate the remainder when h is divided by 32.
13
Suppose -3*t - 335 = -0*t - 1028. Calculate the remainder when t is divided by 83.
65
Let u = 14988 + -14935. Calculate the remainder when 9697 is divided by u.
51
Suppose -16*a - 216 = -12*a. Let f = a + 100. What is the remainder when 137 is divided by f?
45
Let a = 333 + -219. Let z = 170 - a. Let o = z + -46. Calculate the remainder when 39 is divided by o.
9
Suppose 0 = -15*q + 17*q - 374. Calculate the remainder when q is divided by (14/1 - 6) + -1.
5
Suppose 5*s = 4*n + 16181, -5*s + n + 4789 = -11395. Calculate the remainder when s is divided by 30.
27
What is the remainder when 100 + (4 - 8 - 5) is divided by 37?
17
What is the remainder when 1151 is divided by (-65 - -58) + (67 - 0)?
11
Suppose -z = w + 56 - 204, 754 = 5*z + 3*w. What is the remainder when 235 is divided by z?
80
Let v(j) = -j**3 + 4*j**2 - 2*j - 2. What is the remainder when v(-3) is divided by 2 + (-231)/(2 + -9)?
32
Let k = -214 + 398. Let b(p) = -2*p**3 + 12*p + 13. What is the remainder when k is divided by b(-3)?
29
Let s(h) = 7*h - 12. Let n be s(3). Suppose 42 = n*r - 7*r. What is the remainder when r is divided by 5?
1
Suppose 4*o = 5*h - 847 - 550, -265 = -h - o. Calculate the remainder when h is divided by 41.
27
Let h(j) = j**3 + j**2 - 2*j + 8. Let t be h(4). Let d = t - 75. Let l = -83 - -88. Calculate the remainder when l is divided by d.
0
What is the remainder when 566 - 0 - (-15 + 22) is divided by 51?
49
Let s = 105 + -201. Let q = 89 + s. Let u = 43 + q. What is the remainder when 69 is divided by u?
33
Suppose 510 = 914*q - 897*q. Calculate the remainder when 1057 is divided by q.
7
Let v be (-9375)/8 + (-67)/536. Let b = -1031 - v. Calculate the remainder when b is divided by (-2)/3 + 56/3.
15
Suppose 36*k - 49 = -14 + 5653. Calculate the remainder when k is divided by 86.
72
Let j = 37 - -26. Let w(x) = -372*x - 189. Calculate the remainder when w(-1) is divided by j.
57
Suppose 10509 = -6*z + 10*z + w, -20*w = -2*z + 5234. Calculate the remainder when z is divided by 94.
89
Suppose 0 = 25*g - 3*p - 449071, -3*g + 4*p + 28793 = -25121. What is the remainder when g is divided by 11?
10
Suppose -21*p + 4*m = -16*p - 47, 3*m = 3*p - 30. Suppose 5*f = -3*b + 153, -7*f = -3*b - 2*f + 153. What is the remainder when b is divided by p?
2
Suppose 3*q - 1066 = -2*b, -5*b - 679 = -q - q. Let o(y) = 2*y**3 - 6*y**2 - 40*y + 214. What is the remainder when q is divided by o(3)?
70
Let i(w) = -8*w**2 - 15*w**2 + 6*w**2 - 8*w**2 + 10 - 24*w - w**3. Calculate the remainder when 25 is divided by i(-24).
5
Let o = 99 + -62. Suppose 0 = 6*v + o - 151. What is the remainder when 124 is divided by v?
10
Suppose -4*o + 3*j = -502, -3*o - 22 = j - 379. Calculate the remainder when 431 is divided by o.
68
Let d = -16839 - -18161. What is the remainder when d is divided by 42?
20
Suppose 3867*s - 3855*s = 1248. What is the remainder when s is divided by 13?
0
Let u(v) = -v**3 + 64*v**2 + 74*v - 556. What is the remainder when 158 is divided by u(65)?
13
Let n = 8 + -4. Suppose 34 = n*d - 42. Calculate the remainder when ((-111)/(-2))/(-3 - 90/(-24)) is divided by d.
17
Let u be 0/1*(-3)/6. Suppose u = -a - 1 + 19. What is the remainder when 1436/16 - (-3)/(-4) is divided by a?
17
Suppose -7*l - 44 = -170. Suppose l*k + 28 = 244. Calculate